actors of 3954708?
2, 3, 37, 2969
List the prime factors of 378065.
5, 83, 911
What are the prime factors of 1443496?
2, 180437
What are the prime factors of 2281748?
2, 7, 19, 4289
List the prime factors of 2782618.
2, 379, 3671
What are the prime factors of 9791500?
2, 5, 19583
What are the prime factors of 9256078?
2, 13, 19, 41, 457
List the prime factors of 13815.
3, 5, 307
What are the prime factors of 6454818?
2, 3, 358601
List the prime factors of 729088.
2, 89
What are the prime factors of 687026?
2, 269, 1277
List the prime factors of 12309588.
2, 3, 109, 3137
List the prime factors of 11454440.
2, 5, 199, 1439
List the prime factors of 643960.
2, 5, 17, 947
What are the prime factors of 115425?
3, 5, 19
List the prime factors of 94908.
2, 3, 11, 719
List the prime factors of 30183836.
2, 127, 59417
What are the prime factors of 88278?
2, 3, 14713
What are the prime factors of 5487753?
3, 17, 107603
What are the prime factors of 7378154?
2, 7, 47, 11213
List the prime factors of 18920278.
2, 13, 727703
What are the prime factors of 8267399?
7, 1181057
What are the prime factors of 8443?
8443
List the prime factors of 251855.
5, 17, 2963
What are the prime factors of 60853?
13, 31, 151
What are the prime factors of 269154?
2, 3, 19, 787
What are the prime factors of 530414?
2, 265207
List the prime factors of 288055.
5, 53, 1087
List the prime factors of 23593718.
2, 47, 499, 503
What are the prime factors of 4734154?
2, 19, 79, 83
List the prime factors of 217316.
2, 11, 449
What are the prime factors of 1597470?
2, 3, 5, 7, 7607
List the prime factors of 6527881.
17, 151, 2543
What are the prime factors of 79267?
31, 2557
List the prime factors of 8940177.
3, 359, 2767
What are the prime factors of 234119?
103, 2273
What are the prime factors of 56552?
2, 7069
What are the prime factors of 5249288?
2, 11, 59651
What are the prime factors of 8916750?
2, 3, 5, 1321
List the prime factors of 393209.
393209
List the prime factors of 5381660.
2, 5, 41, 6563
What are the prime factors of 6338986?
2, 167, 18979
What are the prime factors of 2290077?
3, 53, 4801
List the prime factors of 2628329.
11, 238939
List the prime factors of 181846.
2, 7, 31, 419
What are the prime factors of 2030698?
2, 1015349
List the prime factors of 7146471.
3, 43, 55399
List the prime factors of 1352361.
3, 450787
List the prime factors of 11537.
83, 139
List the prime factors of 1658826.
2, 3, 13, 17, 139
List the prime factors of 225330.
2, 3, 5, 7, 29, 37
List the prime factors of 1092030.
2, 3, 5, 89, 409
What are the prime factors of 1734955?
5, 53, 6547
What are the prime factors of 326526?
2, 3, 54421
What are the prime factors of 586682?
2, 19, 15439
What are the prime factors of 2106282?
2, 3, 351047
What are the prime factors of 5798949?
3, 13, 148691
What are the prime factors of 15917981?
1163, 13687
What are the prime factors of 308755?
5, 61751
List the prime factors of 880475.
5, 41, 859
List the prime factors of 1934482.
2, 11, 87931
List the prime factors of 1779245.
5, 13, 31, 883
What are the prime factors of 12617120?
2, 5, 78857
What are the prime factors of 4032818?
2, 2016409
What are the prime factors of 6039774?
2, 3, 13, 53, 487
List the prime factors of 826673.
826673
List the prime factors of 149348.
2, 37337
What are the prime factors of 1331247?
3, 443749
What are the prime factors of 4242446?
2, 13, 163171
List the prime factors of 184318.
2, 157, 587
What are the prime factors of 862733?
17, 19, 2671
What are the prime factors of 5043120?
2, 3, 5, 21013
What are the prime factors of 600078?
2, 3, 103, 971
What are the prime factors of 3301094?
2, 17, 79, 1229
What are the prime factors of 10862278?
2, 7, 277, 2801
What are the prime factors of 3447730?
2, 5, 11, 13, 2411
List the prime factors of 468412.
2, 7, 16729
List the prime factors of 118853.
7, 16979
List the prime factors of 98211.
3, 19, 1723
What are the prime factors of 460293?
3, 71, 2161
List the prime factors of 2455848.
2, 3, 23, 1483
List the prime factors of 5405211.
3, 7, 9533
List the prime factors of 172609.
101, 1709
List the prime factors of 661429.
677, 977
What are the prime factors of 670444?
2, 167611
List the prime factors of 6818354.
2, 3409177
List the prime factors of 84878.
2, 31, 37
List the prime factors of 712738.
2, 13, 79, 347
List the prime factors of 17889535.
5, 3577907
What are the prime factors of 899658?
2, 3, 151, 331
What are the prime factors of 1673013?
3, 557671
List the prime factors of 554420.
2, 5, 19, 1459
What are the prime factors of 93813?
3, 31271
What are the prime factors of 1873171?
1873171
What are the prime factors of 15602170?
2, 5, 1560217
What are the prime factors of 132177?
3, 44059
List the prime factors of 33372.
2, 3, 103
What are the prime factors of 32924?
2, 8231
List the prime factors of 337559.
31, 10889
What are the prime factors of 113495?
5, 22699
List the prime factors of 222691.
7, 29, 1097
List the prime factors of 541708.
2, 135427
List the prime factors of 19063406.
2, 571, 16693
List the prime factors of 4296097.
13, 330469
List the prime factors of 239600.
2, 5, 599
List the prime factors of 129032.
2, 127
What are the prime factors of 3503563?
7, 500509
What are the prime factors of 9891201?
3, 31, 106357
What are the prime factors of 2518667?
2518667
List the prime factors of 1343580.
2, 3, 5, 7, 457
List the prime factors of 110215.
5, 7, 47, 67
What are the prime factors of 643109?
151, 4259
What are the prime factors of 197937?
3, 7331
What are the prime factors of 8046174?
2, 3, 31, 181, 239
What are the prime factors of 2574937?
19, 59, 2297
List the prime factors of 310306.
2, 155153
List the prime factors of 368305.
5, 7, 17, 619
List the prime factors of 97927.
97927
List the prime factors of 1970700.
2, 3, 5, 6569
What are the prime factors of 898573?
13, 409
List the prime factors of 122560.
2, 5, 383
List the prime factors of 546337.
11, 49667
What are the prime factors of 282606?
2, 3, 19, 37, 67
List the prime factors of 6630892.
2, 59, 28097
List the prime factors of 2096029.
13, 161233
List the prime factors of 165814.
2, 11, 7537
List the prime factors of 6389679.
3, 1103, 1931
List the prime factors of 24946.
2, 12473
What are the prime factors of 132110?
2, 5, 11, 1201
What are the prime factors of 187442?
2, 17, 37, 149
List the prime factors of 208819.
13, 16063
List the prime factors of 14480091.
3, 197, 8167
List the prime factors of 9305634.
2, 3, 13, 53, 2251
List the prime factors of 348860.
2, 5, 17443
What are the prime factors of 2474969?
7, 353567
What are the prime factors of 5772845?
5, 13, 88813
What are the prime factors of 5780900?
2, 5, 57809
List the prime factors of 4614013.
1823, 2531
List the prime factors of 303516.
2, 3, 8431
What are the prime factors of 296275?
5, 7, 1693
List the prime factors of 108219.
3, 36073
What are the prime factors of 2970156?
2, 3, 7, 19, 1861
List the prime factors of 93250.
2, 5, 373
What are the prime factors of 907466?
2, 7, 53, 1223
What are the prime factors of 1157063?
1157063
List the prime factors of 2849367.
3, 949789
What are the prime factors of 1398598?
2, 699299
What are the prime factors of 1208631?
3, 379, 1063
What are the prime factors of 2086175?
5, 7, 13, 131
List the prime factors of 1513904.
2, 7, 1931
What are the prime factors of 165555?
3, 5, 13, 283
List the prime factors of 76752.
2, 3, 13, 41
What are the prime factors of 11834?
2, 61, 97
What are the prime factors of 148655?
5, 13, 2287
What are the prime factors of 48048?
2, 3, 7, 11, 13
List the prime factors of 217232.
2, 13577
What are the prime factors of 1772977?
367, 4831
List the prime factors of 497734.
2, 248867
List the prime factors of 1547847.
3, 7, 79, 311
What are the prime factors of 10738650?
2, 3, 5, 13, 5507
List the prime factors of 433719.
3, 11, 13, 337
List the prime factors of 486442.
2, 11, 22111
List the prime factors of 266303.
283, 941
List the prime factors of 1395155.
5, 31, 9001
What are the prime factors of 30034027?
30034027
What are the prime factors of 10139357?
29, 43, 47, 173
List the prime factors of 3592999.
79, 45481
List the prime factors of 457927.
61, 7507
List the prime factors of 19420357.
11, 131,